{"id":10,"date":"2015-06-01T11:11:30","date_gmt":"2015-06-01T09:11:30","guid":{"rendered":"http:\/\/pension-entenhausen.de\/?page_id=10"},"modified":"2022-10-11T16:20:28","modified_gmt":"2022-10-11T14:20:28","slug":"startseite","status":"publish","type":"page","link":"https:\/\/pension-entenhausen.de\/","title":{"rendered":"Ein herzlicher Empfang in Pension Entenhausen"},"content":{"rendered":"\n<p>Ich freue mich, Euch in der Pension Entenhausen begr\u00fc\u00dfen zu d\u00fcrfen.<\/p>\n\n\n\n<p>Aus Altersgr\u00fcnden schlie\u00dfen wir ab Dezember 2022 dauerhaft.<\/p>\n\n\n\n<p>Euer Ray<\/p>\n","protected":false},"excerpt":{"rendered":"<p>Ich freue mich, Euch in der Pension Entenhausen begr\u00fc\u00dfen zu d\u00fcrfen. Aus Altersgr\u00fcnden schlie\u00dfen wir ab Dezember 2022 dauerhaft. Euer Ray<\/p>\n","protected":false},"author":2,"featured_media":0,"parent":0,"menu_order":0,"comment_status":"closed","ping_status":"open","template":"","meta":{"footnotes":""},"class_list":["post-10","page","type-page","status-publish","hentry"],"_links":{"self":[{"href":"https:\/\/pension-entenhausen.de\/index.php?rest_route=\/wp\/v2\/pages\/10","targetHints":{"allow":["GET"]}}],"collection":[{"href":"https:\/\/pension-entenhausen.de\/index.php?rest_route=\/wp\/v2\/pages"}],"about":[{"href":"https:\/\/pension-entenhausen.de\/index.php?rest_route=\/wp\/v2\/types\/page"}],"author":[{"embeddable":true,"href":"https:\/\/pension-entenhausen.de\/index.php?rest_route=\/wp\/v2\/users\/2"}],"replies":[{"embeddable":true,"href":"https:\/\/pension-entenhausen.de\/index.php?rest_route=%2Fwp%2Fv2%2Fcomments&post=10"}],"version-history":[{"count":19,"href":"https:\/\/pension-entenhausen.de\/index.php?rest_route=\/wp\/v2\/pages\/10\/revisions"}],"predecessor-version":[{"id":144,"href":"https:\/\/pension-entenhausen.de\/index.php?rest_route=\/wp\/v2\/pages\/10\/revisions\/144"}],"wp:attachment":[{"href":"https:\/\/pension-entenhausen.de\/index.php?rest_route=%2Fwp%2Fv2%2Fmedia&parent=10"}],"curies":[{"name":"wp","href":"https:\/\/api.w.org\/{rel}","templated":true}]}}